 7003.
1030
Calculate the remainder when 143302 is divided by 47765.
7
What is the remainder when 51027 is divided by 436?
15
Calculate the remainder when 74746 is divided by 598.
594
Calculate the remainder when 185462 is divided by 5.
2
What is the remainder when 15859 is divided by 387?
379
What is the remainder when 8445 is divided by 16?
13
Calculate the remainder when 3664 is divided by 1052.
508
Calculate the remainder when 70222 is divided by 243.
238
Calculate the remainder when 6238 is divided by 250.
238
Calculate the remainder when 1008 is divided by 900.
108
What is the remainder when 2094 is divided by 345?
24
What is the remainder when 8228 is divided by 269?
158
Calculate the remainder when 3427 is divided by 1402.
623
What is the remainder when 745057 is divided by 39213?
10
What is the remainder when 5841 is divided by 34?
27
What is the remainder when 17990 is divided by 439?
430
What is the remainder when 1658 is divided by 131?
86
Calculate the remainder when 3129 is divided by 157.
146
What is the remainder when 137675 is divided by 18?
11
What is the remainder when 8527 is divided by 38?
15
Calculate the remainder when 154922 is divided by 7.
5
What is the remainder when 1933 is divided by 113?
12
What is the remainder when 10579 is divided by 31?
8
What is the remainder when 28993 is divided by 500?
493
Calculate the remainder when 79295 is divided by 39647.
1
Calculate the remainder when 36421 is divided by 1138.
5
Calculate the remainder when 91624 is divided by 30539.
7
What is the remainder when 331319 is divided by 1004?
1003
What is the remainder when 12201 is divided by 109?
102
Calculate the remainder when 3472 is divided by 1056.
304
Calculate the remainder when 605 is divided by 106.
75
What is the remainder when 243171 is divided by 73?
8
What is the remainder when 1441 is divided by 17?
13
Calculate the remainder when 152894 is divided by 4247.
2
What is the remainder when 12947 is divided by 4128?
563
Calculate the remainder when 89761 is divided by 136.
1
Calculate the remainder when 83128 is divided by 211.
205
What is the remainder when 2636 is divided by 327?
20
What is the remainder when 52189 is divided by 4346?
37
Calculate the remainder when 17991 is divided by 26.
25
Calculate the remainder when 1221 is divided by 433.
355
What is the remainder when 514 is divided by 287?
227
Calculate the remainder when 2220 is divided by 2197.
23
Calculate the remainder when 14199 is divided by 62.
1
Calculate the remainder when 7486 is divided by 1247.
4
What is the remainder when 7715 is divided by 7585?
130
Calculate the remainder when 7790 is divided by 389.
10
Calculate the remainder when 4131 is divided by 248.
163
What is the remainder when 16035 is divided by 86?
39
Calculate the remainder when 1168 is divided by 83.
6
What is the remainder when 134131 is divided by 22348?
43
Calculate the remainder when 5531 is divided by 1327.
223
What is the remainder when 148675 is divided by 29?
21
Calculate the remainder when 5625 is divided by 2805.
15
Calculate the remainder when 19008 is divided by 14.
10
What is the remainder when 25965 is divided by 377?
329
Calculate the remainder when 23530 is divided by 444.
442
What is the remainder when 21284 is divided by 10439?
406
Calculate the remainder when 103304 is divided by 34416.
56
What is the remainder when 5421 is divided by 23?
16
What is the remainder when 12135 is divided by 168?
39
Calculate the remainder when 32904 is divided by 112.
88
Calculate the remainder when 2671210 is divided by 2287.
2281
What is the remainder when 10846 is divided by 849?
658
Calculate the remainder when 7779 is divided by 62.
29
Calculate the remainder when 43379 is divided by 659.
544
What is the remainder when 151796 is divided by 253?
249
What is the remainder when 9589 is divided by 179?
102
Calculate the remainder when 207810 is divided by 191.
2
Calculate the remainder when 167570 is divided by 28.
18
Calculate the remainder when 97640 is divided by 158.
154
What is the remainder when 79637 is divided by 295?
282
What is the remainder when 7479 is divided by 110?
109
What is the remainder when 11984 is divided by 27?
23
Calculate the remainder when 271365 is divided by 17.
11
Calculate the remainder when 35476 is divided by 2723.
77
Calculate the remainder when 88569 is divided by 53.
6
What is the remainder when 153437 is divided by 80?
77
What is the remainder when 93552 is divided by 31173?
33
What is the remainder when 96028 is divided by 495?
493
What is the remainder when 6512 is divided by 171?
14
What is the remainder when 257578 is divided by 53?
51
What is the remainder when 25057 is divided by 3553?
186
What is the remainder when 2479 is divided by 825?
4
Calculate the remainder when 114001 is divided by 239.
237
Calculate the remainder when 88520 is divided by 136.
120
What is the remainder when 55828 is divided by 55795?
33
Calculate the remainder when 110997 is divided by 300.
297
Calculate the remainder when 1129 is divided by 372.
13
What is the remainder when 7547 is divided by 64?
59
What is the remainder when 502 is divided by 392?
110
Calculate the remainder when 2920 is divided by 128.
104
What is the remainder when 12496 is divided by 375?
121
What is the remainder when 2378 is divided by 91?
12
Calculate the remainder when 3268 is divided by 66.
34
What is the remainder when 2395 is divided by 492?
427
Calculate the remainder when 2641 is divided by 532.
513
What is the remainder when 552 is divided by 54?
12
What is the remainder when 771564 is divided by 41?
26
Calculate the remainder when 11737 is divided by 2337.
52
Calculate the remainder when 2135 is divided by 118.
11
Calculate the remainder when 325887 is divided by 4.
3
What is the remainder when 471473 is divided by 622?
619
Calculate the remainder when 331338 is divided by 19.
16
Calculate the remainder when 2156 is divided by 1054.
48
What is the remainder when 1694 is divided by 33?
11
What is the remainder when 174 is divided by 6?
0
What is the remainder when 4987 is divided by 248?
27
What is the remainder when 31367 is divided by 697?
2
Calculate the remainder when 37016 is divided by 33.
23
What is the remainder when 114437 is divided by 243?
227
What is the remainder when 69118 is divided by 17278?
6
Calculate the remainder when 29313 is divided by 44.
9
What is the remainder when 23749 is divided by 60?
49
What is the remainder when 10426 is divided by 9?
4
What is the remainder when 35368 is divided by 30?
28
What is the remainder when 798835 is divided by 76?
75
Calculate the remainder when 6178 is divided by 3074.
30
Calculate the remainder when 9354 is divided by 150.
54
What is the remainder when 40657 is divided by 40653?
4
Calculate the remainder when 58464 is divided by 8350.
14
What is the remainder when 44322 is divided by 22145?
32
Calculate the remainder when 291 is divided by 6.
3
What is the remainder when 1424 is divided by 1411?
13
Calculate the remainder when 30991 is divided by 345.
286
What is the remainder when 1087173 is divided by 97?
94
Calculate the remainder when 3507 is divided by 3496.
11
What is the remainder when 77050 is divided by 11?
6
Calculate the remainder when 65458 is divided by 296.
42
Calculate the remainder when 51917 is divided by 295.
292
What is the remainder when 7410 is divided by 98?
60
Calculate the remainder when 672295 is divided by 11.
8
Calculate the remainder when 1974166 is divided by 504.
502
What is the remainder when 24425 is divided by 124?
121
What is the remainder when 370913 is divided by 843?
836
What is the remainder when 3045 is divided by 68?
53
What is the remainder when 13846 is divided by 2767?
11
What is the remainder when 34858 is divided by 59?
48
What is the remainder when 6429 is divided by 530?
69
What is the remainder when 44027 is divided by 595?
592
Calculate the remainder when 539 is divided by 6.
5
What is the remainder when 78143 is divided by 444?
443
Calculate the remainder when 2043819 is divided by 25.
19
What is the remainder when 36400 is divided by 569?
553
What is the remainder when 4384 is divided by 39?
16
Calculate the remainder when 58055 is divided by 19336.
47
Calculate the remainder